y - 3*y - 19. What is the highest common factor of p and y?
19
Suppose -22 = -3*f - 4*w, 0*w = -4*f + 3*w - 4. Suppose -3*c = -6*c + 6. Suppose b + f = c*b. What is the highest common divisor of b and 12?
2
Let p(z) = -339*z**2 - 2*z. Let b(w) = -170*w**2 - w. Let f(g) = -13*b(g) + 6*p(g). Let r be f(-1). What is the greatest common factor of 25 and r?
25
Let a = -11 + 17. Let j be (38/a)/(4/12). Suppose -2*r - 2*b = 3*r - j, -3*b = -2*r. What is the greatest common divisor of 15 and r?
3
Let u(z) = -z**2 - 18*z + 3. Let s be u(-18). Calculate the greatest common factor of s and 3.
3
Let r = -11 - -26. Suppose -4*m + 7 = -5*q, 4*m - q - 10 = q. Calculate the highest common factor of r and m.
3
Let x = 66 - -24. Let o = -7 - -17. What is the greatest common factor of x and o?
10
Let u be (22 - 8) + 3*-1. Calculate the greatest common divisor of u and 11.
11
Suppose -2 = -g - 2*g + 4*f, 3*g - f = 5. Let i(l) = 12*l**2 + 0*l**g - 7 - 8*l - l**2. Let p be i(-5). Calculate the highest common factor of 28 and p.
28
Let n(j) = 8*j**2. Let l be n(-1). Let v be 2*6/l*16. Calculate the highest common divisor of v and 4.
4
Suppose 3*p + 45 = 3*i, 2*p - 2 = -i + 1. Let f(l) = -l**3 + 10*l**2 + 13*l - 4. Let b be f(i). Calculate the greatest common factor of 126 and b.
18
Suppose 0 = 2*c + 3*a + 2*a - 200, 412 = 4*c + 4*a. What is the highest common divisor of c and 21?
21
Suppose -3*r = -5*r + 4. Suppose -135 = -r*o - o. Suppose 31 = 5*f - 3*p, 2*p - o - 1 = -5*f. What is the highest common factor of f and 2?
2
Suppose -2*v + 970 = 4*f - 7*v, 2*v - 236 = -f. Calculate the greatest common factor of 15 and f.
15
Let f be (102/5)/((-4)/(-20)). Let i = 78 + f. Calculate the greatest common factor of 20 and i.
20
Suppose -27 = -4*j + 53. Let l(s) = s**2 - 9*s - 2. Let u be l(9). Let x be 5/(-4*u/8). What is the greatest common factor of j and x?
5
Let p be (1/(-3))/(2/(-12)). Suppose p*r - 24 - 2 = 0. Let q = -72 + 137. Calculate the greatest common divisor of r and q.
13
Suppose -16 = -4*w - 4*j, -j - 3*j = -3*w + 5. Suppose w*r = 19 - 7. What is the greatest common divisor of r and 44?
4
Suppose 0 = 2*f + 3*x - 41, 4*x - 60 = -4*f + 12. What is the greatest common factor of f and 13?
13
Let d(p) be the first derivative of p**3/3 - 8*p + 1. Let k be d(-5). What is the greatest common factor of k and 119?
17
Let s be (8 + 0)*2/4. Suppose -4 = -s*y + 156. Suppose -b = -3*b + y. What is the highest common divisor of 10 and b?
10
Suppose 10*o = 6*o + 48. Let a be 8/o + (-32)/(-6). What is the greatest common factor of a and 9?
3
Let h be (-110)/2*(-54)/30. Let d = 72 + -42. Let c = d + -19. Calculate the highest common factor of c and h.
11
Suppose 26 + 46 = 3*o. Suppose 4*z = -k - 0*k + 36, -k = 3*z - 31. Calculate the highest common factor of k and o.
8
Let t = 185 + 13. What is the highest common divisor of 18 and t?
18
Suppose 3*w = 2*w + 85. What is the greatest common divisor of w and 17?
17
Let y(x) = -2*x**3 - 15*x**2 + 6*x - 4. Let n be y(-8). Let l = 0 + -1. Let s be 1*l*(-59 + -1). What is the highest common factor of s and n?
12
Suppose 20*s - 83 - 177 = 0. Suppose 5*l - 26 = 4*q - 4, -q - 16 = -3*l. Suppose -455 = p - l*p. What is the highest common divisor of p and s?
13
Let y(b) = b**3 - 5*b**2 + 4*b + 5. Let c be y(5). Let p(q) = 7*q + 4*q**2 - 3 - 6 - 5*q**2 + 2. Let a be p(4). What is the greatest common divisor of a and c?
5
Let v(a) = a**2 + 5*a + 2. Let d be v(-6). What is the highest common divisor of d and 88?
8
Let s be 5/15*(-21)/1. Let w be (-13 + 6)*18/s. What is the highest common factor of 6 and w?
6
Let h(x) = x + 5. Let r be h(0). Suppose 62 = -4*f + 182. Suppose -f = 2*q - 5*q. What is the highest common divisor of r and q?
5
Suppose 0*v + 3*v - 6 = 0. Let c be (v - 3) + 1 - -17. What is the greatest common divisor of 136 and c?
17
Let n(o) = -o - 51. Let b(s) = 1. Let h(w) = -b(w) - n(w). Let u be h(0). What is the highest common factor of u and 10?
10
Let m = 31 + -17. Let v(y) = 2*y**2 - 2*y - 4. Let i be v(-5). Calculate the highest common factor of i and m.
14
Let d = -140 - -146. What is the highest common factor of d and 10?
2
Suppose -2 - 6 = -4*n, 5*z - 4*n + 33 = 0. Let w be (-2)/z*(-1 - -16). What is the highest common divisor of w and 54?
6
Let h(g) = -2*g**3 + 2*g**2 + 2*g - 2. Let y be h(-2). Suppose 13*l + 54 = 16*l. What is the greatest common factor of y and l?
18
Let z = 19 + 29. Calculate the highest common divisor of z and 24.
24
Let z = 4 + -1. Suppose 3*u - u - 145 = -5*p, 0 = 2*u + z*p - 139. Calculate the greatest common factor of u and 26.
13
Let z be (552/20)/(3/15). Calculate the highest common divisor of 6 and z.
6
Let z(o) = 3*o**3 + 2*o**2 - 2. Let f be z(2). Suppose 2*l - f = -2*v, 5*v - 2*l - 47 = -0*l. What is the greatest common divisor of v and 22?
11
Let z(r) = -r**3 - 14*r**2 - 20*r - 14. Let f be z(-13). What is the highest common factor of f and 11?
11
Suppose -5*c = 8*c - 780. What is the greatest common divisor of 90 and c?
30
Let m(x) = -x**3 + 5*x**2 + 24*x - 7. Let z be m(7). What is the greatest common factor of 42 and z?
21
Let r = 111 + -98. Suppose m + 3*m - 104 = 0. What is the greatest common divisor of r and m?
13
Let l be 4/10 + (-69)/(-15). Suppose 6*j + 5 = l*j. Let k(w) = w**2 + 3*w - 2. Let r be k(j). What is the greatest common divisor of 64 and r?
8
Let s be -2*2/(-4)*23. Calculate the highest common factor of 92 and s.
23
Let k = 32 - 9. Calculate the greatest common factor of 23 and k.
23
Let i = 11 - 18. Let k = 12 + i. Let d = k - 4. What is the highest common divisor of 1 and d?
1
Let h be 7/(-1) + 3 + 0. Let i be 3 + h - 5/(-1). Let z = 7 + i. What is the greatest common divisor of z and 22?
11
Let j be (6/10)/(8/120). What is the greatest common divisor of j and 81?
9
Let s(u) = -2*u**2 - 6*u + 4. Let q be s(-3). Suppose -j + 21 = 3*y - 14, -j + 4*y = -28. What is the highest common factor of q and j?
4
Suppose 0 = -2*x + 26 - 10. Let m = x + -4. Suppose -b = b - 8. Calculate the greatest common factor of m and b.
4
Suppose -853 = -14*l + 29. What is the greatest common factor of 7 and l?
7
Let t be (-14)/(-63) - (-88)/9. Calculate the highest common divisor of 30 and t.
10
Suppose 5*c + i - 50 - 13 = 0, 5*i = -5*c + 75. Suppose -4*s + 437 = 101. Calculate the highest common factor of c and s.
12
Let u = 20 - -3. Suppose -y + 5*y + 5*o = 102, -100 = -4*y - 4*o. Calculate the greatest common divisor of y and u.
23
Let y = 154 + -38. Suppose -y + 336 = 4*l. Let z be 3/9 + 32/3. What is the highest common factor of l and z?
11
Let s be 4/(-4)*(0 + 0). Suppose -32 = -u - s*u. Suppose f - 16 = -0*f. What is the highest common divisor of u and f?
16
Suppose -2*i + 378 = 2*i + g, -4*i - 2*g = -376. What is the greatest common divisor of i and 38?
19
Suppose -9*n = -3*n. Suppose 0 = c - n*c - 45. What is the greatest common divisor of 9 and c?
9
Suppose -5*q - 3*d + 7*d + 156 = 0, q + 5*d - 8 = 0. Suppose -t = -k + q, 5*k + 4*t - 106 = -11. Calculate the greatest common divisor of k and 184.
23
Let a = 389 + -224. Suppose -a = -4*r + 451. Let p be (14/(-6))/(3/(-18)). What is the highest common factor of r and p?
14
Suppose -4*f - 3*n + 61 = 0, 3*n - 10 = 5*n. Calculate the highest common factor of f and 19.
19
Let n = 19 + 51. Suppose 0 = 10*k - 5*k + 280. Let r be 18/(-12)*k/3. Calculate the greatest common divisor of n and r.
14
Let m = -19 + 24. What is the greatest common divisor of m and 1?
1
Let i(a) = a**3 - 10*a**2 - 8*a - 6. Let n be i(10). Let b = n + 161. What is the greatest common factor of b and 15?
15
Let r = -367 - -255. Let l be (-4)/18 + r/(-18). Let b(k) = -k**3 + 5*k**2 + 7*k - 3. Let w be b(l). Calculate the highest common divisor of 9 and w.
3
Let j(m) = -m**2 - 14*m - 3. Let g be j(-12). Calculate the highest common factor of 63 and g.
21
Let i(q) = -q**2 + 0 + 4 + 3*q**3 - 3. Let b be i(1). Suppose -3*o + b*j - 9 = -0*o, 5*o - 4*j = -10. Calculate the greatest common factor of o and 6.
2
Suppose 4*h = 100 + 80. Suppose 23 + h = 4*k. Calculate the greatest common divisor of k and 51.
17
Let m = 0 - 0. Suppose 3*y - 28 = -4*g, -5*y + g + m*g = -16. Suppose x - 3*s - 41 = -3*x, -x - 2*s + 2 = 0. What is the highest common divisor of x and y?
4
Suppo